mainder when 295 is divided by t?
146
Let l(t) = -3*t - 48. Let s be l(-14). Let v(r) = -r**2 + 2*r + 57. What is the remainder when 49 is divided by v(s)?
4
Suppose -2*i + 20465 = 3*h + 6026, h - 4808 = i. What is the remainder when h is divided by 29?
26
Suppose 0 = -44*z + 58*z + 294. Let f(u) = 2*u**3 + 3*u - 2. What is the remainder when (-1206)/z + (-8)/(-14) is divided by f(2)?
18
Let i be (-112)/(-21)*(-9)/6. Let z be (16/(-10))/(-4)*(-20)/i. What is the remainder when 110 is divided by ((-14)/(-8))/(z/8)?
12
Let r be 1/(26/(-14) - -2). Let d(u) = -7*u - 23 + 0*u - 8*u + 0 + 22*u. What is the remainder when d(r) is divided by 7?
5
Calculate the remainder when (48 - 22)/(4/84) is divided by 126.
42
Suppose 2*s = 6*s - 3*o - 10, -2*s = 4*o - 16. Let a = -95059 + 95074. What is the remainder when (s/4)/(2/58) is divided by a?
14
Let k = -261 + 279. Suppose -k*t + 96 = -10*t. Calculate the remainder when 418 is divided by t.
10
Suppose -4*v + 1512 = -3*s, 913*s = 5*v + 915*s - 1890. What is the remainder when v is divided by 23?
10
Let w = -4154 - -4457. Calculate the remainder when w is divided by 74.
7
Suppose 156818 = 251*y - 519125. What is the remainder when y is divided by 6?
5
Let f(a) = 17*a**2 + 169*a - 14. What is the remainder when f(-21) is divided by 8?
6
Suppose -2398 + 620 = -127*x. What is the remainder when 1216 is divided by x?
12
Let q(s) = -2*s - 16. Let r be q(-15). Let b(f) = f**2 - 12*f - 31. Let k be b(r). Calculate the remainder when 13 is divided by 15/20*12*k/(-9).
1
Suppose 19538 = 3*w + 3*a - 742, 26995 = 4*w - 5*a. Calculate the remainder when w is divided by 218.
215
Suppose 0 = -2*t - t + 9. Suppose i - 3*i = t*a + 508, -a + i = 161. Let n = -73 - a. Calculate the remainder when n is divided by 33.
27
Let c(r) be the second derivative of r**4/12 + 11*r**3/6 + 23*r**2/2 - 8*r. Calculate the remainder when 85 is divided by c(-11).
16
Let w = -154 - -154. Suppose -4*r + 4*i + 80 = w, -i - 95 = -8*r + 4*r. Calculate the remainder when 149 is divided by r.
24
Let c = 134 - -2. Suppose -586*s - 22388 - 49690 = 0. Let r = c + s. What is the remainder when r is divided by 9?
4
Let i(b) = -9*b**3 - 7*b**2 + 15*b + 55. What is the remainder when i(-3) is divided by 151?
39
Suppose 0 = -4*i - 0*i + 60. Let z = -1281 - -1281. Suppose 4*l + i - 47 = z. Calculate the remainder when 21 is divided by l.
5
What is the remainder when 40676/44 + (-18)/(-33) is divided by 231?
1
Calculate the remainder when 840 is divided by (9 + 0)*174/54.
28
Let q = -9 + -65. Let w = 83 + q. What is the remainder when 22 is divided by w?
4
Suppose 2*y + 32 = x - 3*y, x = 2*y + 29. Let w(d) = 231*d - 2. Let k be w(-1). Let t = 312 + k. What is the remainder when t is divided by x?
25
What is the remainder when (99/(-4))/(-3)*84424/519 is divided by 27?
19
Let k = 395981 - 395954. Suppose -4*n + 1113 = 369. Calculate the remainder when n is divided by k.
24
Suppose -22*k - 167 = -299. What is the remainder when 260 is divided by k?
2
Let m(k) = 1083*k**3 - k + 1. Let t be m(1). Suppose -39*p + 620 = -19*p. What is the remainder when (-2)/8 + t/12 is divided by p?
28
Let z = -12 - -21. Suppose 4*o = 5*h - 3*h - 578, 0 = 4*h + 5*o - 1195. Let v = h + -264. What is the remainder when v is divided by z?
4
Let d = -725 - -859. Calculate the remainder when 1874 is divided by d.
132
Let h be 3 + 95 + 3 + 3. Suppose 5*s + 3*k = h, -5*s + 80 = -8*k + 3*k. Suppose -11*y = -20*y + 288. What is the remainder when y is divided by s?
13
Suppose 72*z - 4571 + 2902 = 8843. Calculate the remainder when 408 is divided by z.
116
Let t = 1909 - 1786. What is the remainder when 392 is divided by t?
23
Let w = -88467 + 88471. Let v be 17/4 + 3/(-12). Let m = 0 + v. Calculate the remainder when w is divided by m.
0
Suppose -11*j - 70 + 378 = 0. Calculate the remainder when 1025 is divided by j.
17
Let q(n) = n**2 - 40*n - 276. Calculate the remainder when q(-20) is divided by 185.
184
Suppose 2*z - 5*z = -5*s - 103, 0 = z + s - 45. Let p = -10 + 15. Suppose p*l + w - 39 = -w, 5*l - 3*w = 29. What is the remainder when z is divided by l?
6
Suppose -84 = -12*q + 156. What is the remainder when 579 is divided by q?
19
Suppose 1774*s = 1789*s - 8505. What is the remainder when s is divided by 15?
12
Let b(w) = w**3 + 11*w**2 - 10*w - 94. What is the remainder when 1695 is divided by b(-5)?
105
Let a = -2248 - -2350. Calculate the remainder when 2444 is divided by a.
98
Let a = -5 - 6. Let m be (a/3)/((-15)/180). Let o = 62 - m. Calculate the remainder when 51 is divided by o.
15
Let g = 127 - 46. Suppose 5*z = 2*v - 19, 0 = -v - z - 8 + 21. Suppose 3*s + 126 = v*s. What is the remainder when g is divided by s?
11
Let c(t) = -25*t**2 - 3 + 7 + t + 27*t**2 - 2. Let k(j) = 2*j**2 - 2*j + 4. Calculate the remainder when k(6) is divided by c(-3).
13
Let k = 14 - 12. Suppose 3*y - 31 + 1 = -k*w, -2*y = -4*w - 36. Suppose 44 = -8*g + y*g. Calculate the remainder when 31 is divided by g.
9
Suppose 5*v = -2*t - t + 32, -t = 2*v - 12. Calculate the remainder when 137 is divided by v - 5/((-15)/126).
45
Suppose -5*z - 61 = -3*k, -2*k + 30 = 2*z - 0*z. Suppose 13*q - 126 = k. What is the remainder when 127 is divided by q?
6
Let f(b) = b**3 + 10*b**2 - 2*b + 15. Let h be f(-9). Let q = 125 - h. What is the remainder when 131 is divided by q?
10
Suppose 0 = -4*a + 5*z + 56, -4*z - 20 = z. Suppose -122 = a*w + 220. Let b = w - -48. Calculate the remainder when 48 is divided by b.
8
Let w = 23 - 25. Let i be (-600)/((w + 7)/(-5)). What is the remainder when (i + -4)*2/8 is divided by 25?
24
Suppose 46592 = 5*y + 507*y. Calculate the remainder when y is divided by (-172)/(-6) - (-4)/(-6).
7
Let z = -84 - -88. Suppose 2*l - z*l = 4*l. Suppose -5*r + 132 - 32 = l. Calculate the remainder when 95 is divided by r.
15
Suppose d = m + 20, -7 = 3*d - 6*m - 73. Suppose 0 = g - 4*g + 144. Calculate the remainder when g is divided by d.
12
Suppose 42*b - 4810 = -35*b + 4045. Calculate the remainder when 220 is divided by b.
105
Let k(l) = 3*l**3 + 91*l**2 + 29*l - 36. Let o be k(-30). Let c(w) = 50*w + 323. Calculate the remainder when 129 is divided by c(o).
14
Suppose 11*f = -6*f + 170. Suppose -u + 2*t = -f, -t + 1 = u - 0. What is the remainder when 14 is divided by u?
2
What is the remainder when ((-2)/(-6))/((-8)/(-3391 + 7)) is divided by 53?
35
Let c(r) = -r**2 - 32*r - 94. What is the remainder when 236 is divided by c(-25)?
74
Let n = -19 - 61. Suppose 2*i - 238 = -2*s, 3*s - 353 = i - 3*i. Let k = n + s. What is the remainder when k is divided by 10?
5
Suppose 0 = o + 2*v - 1024, 0 = 2*v + 2 - 4. Let p = -1000 + o. What is the remainder when 460 is divided by p?
20
Let i be (2035/10)/((-17)/34). Let y = i - -600. Calculate the remainder when y is divided by 3.
1
Calculate the remainder when ((-534)/(-6))/(19/57) is divided by 72.
51
Let b(c) = 9*c + 2 + 12 - 16*c + 5*c. Calculate the remainder when b(-40) is divided by 17.
9
Suppose -2*w + 4*k = -28, 3*k = -4*w + 2*w + 28. Suppose 4*m = 8*m - 940. Let b = m + -154. What is the remainder when b is divided by w?
11
Let q = -117 + 645. Calculate the remainder when q is divided by 182.
164
Let f = -13 - -15. Suppose -f*w + 88 = 2*w + 4*v, -5*v - 58 = -2*w. What is the remainder when 61 is divided by (119/(-68))/((-2)/w)?
19
Let s(n) = n**3 - 6*n**2. Let l be s(6). Suppose -3*t - 5*d = 40, l = 4*d - 8*d + 4. Let a = -5 - t. Calculate the remainder when a is divided by 6.
4
Suppose -9 = -m + 13. Calculate the remainder when m is divided by ((-28)/126 - 112/(-18))*2.
10
Suppose -3*d = 6*v - 7*v - 129, -v - 150 = 4*d. Let y = -73 - v. What is the remainder when y is divided by 17?
14
Let m(y) = -2*y**3 + 18*y**2 - 3*y + 37. Let r be m(9). Suppose -18*c = r*c - 2800. Calculate the remainder when c is divided by 4.
0
What is the remainder when 731 is divided by -12 - (-4)/(36/315)?
18
Let h = -80 - -41. Let m = 39 + h. Suppose 4*y + 4*s = -0*s + 336, 3*y + s - 262 = m. Calculate the remainder when y is divided by 18.
17
What is the remainder when (-1 - 92)*(21 + -25 + 3) is divided by 28?
9
Let k = 10831 + -9300. What is the remainder when k is divided by 506?
13
Calculate the remainder when 1017 is divided by 3920/77 + 5 + 5/55.
9
Let u(r)